 is the units digit of (-5)/(-25) - b/5?
5
Let m = -690 + 972. What is the hundreds digit of m?
2
Let z(l) = -l**3 + 9*l**2 - 5*l - 7. What is the tens digit of z(5)?
6
Let y = 20 + 13. What is the tens digit of y?
3
Let y = -32 - -65. What is the units digit of y?
3
Suppose 5*v - 188 = v - 4*a, 0 = -3*a - 15. What is the units digit of v?
2
Suppose 24 = -0*j + 2*j. What is the tens digit of j/14*(-42)/(-1)?
3
Suppose -5*c - 40 = -10. Let n = 21 - c. What is the units digit of n?
7
Suppose 5*q = 2*h + 3*h - 640, -2*q = 2*h - 276. What is the tens digit of h?
3
Suppose 0*a - a + 5*f = -24, -2*a - 2*f = -12. Suppose 0 = -3*m - a + 27. What is the units digit of m?
6
Suppose 3*f + 20 = 2*d + 57, -3*f - 23 = d. Let t = 39 + d. What is the units digit of t?
9
Suppose -3*t + 64 = -t. What is the tens digit of t?
3
Let r = 2 - -2. Suppose -r*n = 2 + 38. What is the units digit of (-2)/(-5) - 56/n?
6
Suppose -2*x + 235 = 3*x. What is the units digit of x?
7
Let a = -488 + 782. What is the tens digit of a?
9
Suppose 0 = 11*y - 1311 - 350. What is the tens digit of y?
5
Let h(t) = 3*t + 4. Let l be h(0). Suppose -3*d + 0*d - 70 = -5*i, -5*i + l*d = -70. What is the units digit of i?
4
What is the units digit of -12*(111/(-9) + 1)?
6
Let j(b) = -b**2 + 6*b + 1. Let r be j(7). Let f(h) = -h - 6. Let x be f(r). Suppose 0 = -4*m - 6*o + 2*o, x = 4*m - o - 20. What is the units digit of m?
4
Let g(s) = 4*s**2 - 7*s - 9. What is the hundreds digit of g(8)?
1
Let o = 14 + 7. Suppose -o = -g - 0*g. What is the units digit of g?
1
Suppose 4 = -z + 9. Suppose -18 = -n - 2*o, z*n + 3*o + 40 = 144. What is the tens digit of n?
2
Let b = 1 + 0. Let c be 1/b - (1 - 2). Suppose -j - c*f = 2*j - 16, -20 = -3*j + 2*f. What is the units digit of j?
6
Let f(x) = 4*x - 5. What is the units digit of f(4)?
1
Let u(y) = -7*y**2 + y - 13. Let r(v) = -15*v**2 + 2*v - 26. Let j(s) = 6*r(s) - 13*u(s). Let t be j(0). Suppose 5*c = -t + 48. What is the units digit of c?
7
Let y = 1 - 4. Let d(v) be the second derivative of -2*v**3/3 - 2*v**2 - 2*v. What is the units digit of d(y)?
8
Let i(u) be the second derivative of u**5/20 - u**4/6 - u**3/3 - 5*u. Let j be i(-2). What is the units digit of (1/3)/((-4)/j)?
1
Let b = -11 + -1. Let a(p) = -p**2 + 2*p + 5. Let m be a(4). Let l = m - b. What is the units digit of l?
9
Let q(x) be the second derivative of -x**3/6 - x**2/2 - 2*x. Let a be q(-5). Let o(i) = -i**3 + 4*i**2 + 3*i - 4. What is the units digit of o(a)?
8
Suppose -5*y = 2*p - 30, -y = -3*p - 0*y + 62. What is the units digit of p?
0
Let u(b) = b**3 - 11*b**2 + b - 2. What is the units digit of u(11)?
9
Let z = -19 - -8. What is the units digit of (-3100)/(-110) - (-2)/z?
8
What is the units digit of (-75)/20*16/(-4)?
5
What is the units digit of 5 + 3 + 4/(-2)?
6
Suppose 38 = -3*n + 5*n. Suppose 2*s = -c + 5, 0 = -s - c + 4*c - 1. Suppose -s*h + n = 1. What is the units digit of h?
9
Suppose 0 = -0*a + 6*a - 78. What is the units digit of a?
3
Let l be (4 - 6)*(-2 - 0). Suppose -15 = l*b + 2*n - 71, 4*n - 16 = -2*b. What is the tens digit of b?
1
Suppose 0*w + 2*l + 122 = 5*w, -3*w + 74 = -2*l. What is the tens digit of w?
2
Suppose -5*a + 3*v + 20 = -2*v, -2*v + 1 = a. Suppose -90 = -5*s - 5*i, -a*s + i = -6*s + 56. What is the units digit of s?
9
Suppose -4*n = -2*n - 4, -s = 2*n + 2. Let w(p) = 11*p**2 - 1. Let r be w(-1). Let c = s + r. What is the units digit of c?
4
Let y = 27 - 15. Suppose -h + 22 = -s + 4*h, -s = -h + 6. What is the units digit of (-6)/y - 17/s?
8
Let y(b) = 3*b**2 - 7*b - 1 - 2*b**2 + 4. Let h(u) = u**3 + 7*u**2 + 4*u - 5. Let p be h(-6). What is the units digit of y(p)?
3
Let x(s) = 10*s - 6. What is the tens digit of x(3)?
2
Suppose 0*m - 2*r + 30 = -4*m, 4*r = 5*m + 45. Let z(v) = v**3 + 6*v**2 + 4*v - 5. Let c be z(m). Suppose -4*w + c*w = -16. What is the units digit of w?
4
Suppose 2*x - 4*p - 137 = -3*p, 4*p = x - 51. What is the tens digit of x?
7
What is the tens digit of 3*(15 - -4) + 1?
5
What is the hundreds digit of (75/(-6))/5*-56?
1
Let l(f) = 2*f**2 - 2 + 4*f - 6 - f**2. What is the units digit of l(-7)?
3
Let r(h) = 7*h**2 - 2*h - 6. Let d be r(6). What is the units digit of 2/8 - d/(-24)?
0
Suppose 0 = -2*o + 3*o - 46. What is the tens digit of o?
4
Suppose -3*p - 3*x + 4 = -2, -p + 4*x - 8 = 0. Suppose 2*h - 4*h = 3*f - 21, -3*f - 5*h + 30 = p. What is the units digit of f?
5
Suppose 5*z - 3 = 2*z. What is the units digit of (4/12)/(z/51)?
7
Suppose 4*z + 2*w + 0*w - 254 = 0, 3*z + 3*w - 189 = 0. What is the tens digit of z?
6
What is the tens digit of 1/5 + 0 - (-50882)/190?
6
Suppose 0 = -2*g - 3*o - 11, 3*o = -2*g + 5*g + 9. What is the units digit of -2 - g - -16 - 1?
7
Suppose 8*v - 7*v = 119. What is the hundreds digit of v?
1
What is the units digit of (-60)/5*59/(-4)?
7
Suppose 0 = 2*t + 3 - 9. Suppose t*h = -0*h + 126. What is the tens digit of h?
4
Let w be (5 - 5)*2/4. Let z = 4 + w. Suppose 2*j + 10 = z*j. What is the units digit of j?
5
Suppose -241 + 1049 = 4*g. What is the units digit of g?
2
What is the units digit of (-9 + 0)/(1/(-2))?
8
Let v(k) = 5*k**2 + 2. Let a(b) = 10*b**2 + b + 2. Let p(y) = y**2. Let c(h) = a(h) - 4*p(h). Let o(l) = -4*c(l) + 5*v(l). What is the units digit of o(5)?
7
Let r(c) be the second derivative of -2*c**3/3 - 7*c**2/2 - 2*c. Suppose 2*j + 15 = 3. What is the tens digit of r(j)?
1
What is the tens digit of ((-6)/24)/((-3)/276)?
2
Let r = 12 - 4. Let x = 2 + r. Suppose -y = -6*y + x. What is the units digit of y?
2
Let a be (-1 - (-9)/6)*-6. Let z = a + 3. What is the units digit of 1 + z - (-12)/3?
5
Suppose -w + q = -0*q - 2, 5*q + 5 = 0. Let u = 15 + w. What is the tens digit of u?
1
Suppose 1342 = 5*a + 52. What is the hundreds digit of a?
2
Suppose -80 = 2*r + g, -g - 104 = 5*r + 96. Let x be (1 - 0)*(1 - r). Suppose 5*w - x = 19. What is the units digit of w?
2
Suppose -8*q = 324 - 1156. What is the hundreds digit of q?
1
Let y(u) = -11*u + 1. Let i be y(2). What is the units digit of (-183)/i - 4/(-14)?
9
Let h(v) = 31*v + 1. Let d be h(1). Suppose 4*r - d = -r - 3*x, r = x. What is the units digit of (30/12)/(2/r)?
5
Let r be ((-12)/4)/(-3) - -63. Let h = r + -33. What is the units digit of h?
1
Suppose -4*m + 3*a + 172 = 0, -5*a = 4*m - 52 - 88. What is the units digit of m?
0
Let s(p) be the third derivative of -p**6/360 - p**5/60 - p**4/24 + p**2. Let f(d) be the second derivative of s(d). What is the units digit of f(-5)?
8
Let p(t) = -t**3 - 4*t**2 + 13*t + 2. What is the units digit of p(-7)?
8
Suppose 5*d - 55 = -0. What is the units digit of d?
1
Let k = 22 + 187. What is the units digit of k?
9
Suppose -5*k + 315 = 2*k. What is the units digit of k?
5
Suppose -5*c + 10*c = 240. What is the tens digit of c?
4
Let f = -63 + 114. What is the units digit of (-3)/2 - f/(-6)?
7
Suppose 5*d - 582 - 638 = 0. What is the tens digit of d?
4
Suppose -5 = -3*x - 14. Let v(c) = -c - 2. What is the units digit of v(x)?
1
Suppose 2*k + 6 = 4*k. What is the units digit of k?
3
Suppose -5*o = -136 - 79. What is the units digit of o?
3
Suppose 4*v + v + 60 = i, 30 = -5*v - 5*i. What is the units digit of (2 + 0)*v/(-2)?
1
Let g = 30 - -8. What is the tens digit of g?
3
Let m = 224 + -160. What is the tens digit of m?
6
Let y be (-4 + 5)*(2 - 0). Suppose y*s - 10 = -5*x, 7*s - 2*s - 4 = -2*x. Suppose -2*c + 4 = -3*c - 2*b, s = -4*c + b + 20. What is the units digit of c?
4
Suppose -i = -5*r - 29, -3*i + 2*r = -2*i - 41. What is the units digit of i?
9
Let s(b) = -b**2 + 12*b - 15. Let h be s(10). Suppose -15 = -2*d + h. What is the units digit of d?
0
Suppose -336 = -8*v + 2*v. What is the units digit of v?
6
Let b = 2 + -2. Suppose 3*x + x + 16 = b. What is the units digit of ((-22)/8)/(x/16)?
1
Let f(u) = 10*u - 9. What is the tens digit of f(2)?
1
Let k = 5 + -3. Suppose -5*t = 4*u - 147, 3*u - 4*u = k*t - 36. What is the units digit of u?
8
Suppose f + 3*f + 16 = 4*d, -5*f = -d - 4. Suppose 0 = -d*w + 5*w + 10. What is the tens digit of w?
1
Suppose -5*t = s - 44, -2*t + 83 - 3 = 3*s. What is the tens digit of s?
2
Let i(l) = -2*l**2 - 3*l - 3. Let k be i(5). Let x = 123 + k. Suppose x = 4*d + d. What is the tens digit of d?
1
Let l(b) be the second derivative of -b**4/12 + b*